 - 2) - -5.
-4
What is the value of 0 + (-7 - (-4 - (-2 - -2)))?
-3
Evaluate 16 + -16 - (2 - 0 - 1).
-1
What is 21 + -28 + -2 + 2 + 2?
-5
Calculate -1 - (-5 - (4 - (2 - -5))).
1
(1 + -3 - -7 - 0) + -2
3
-6 + 14 + -6 + (-1 - -3)
4
What is the value of (9 - 11 - (-1 + -1)) + -6?
-6
-8 + (-5 - -8 - -5 - 1)
-1
What is 17 + -14 - (-1 + -2 + 1)?
5
Calculate -1 - (-2 - -1) - 2.
-2
Calculate (-4 - (3 + -7)) + -1.
-1
What is 10 + -9 + -9 - 0?
-8
Evaluate 2 - 0 - (-4 - (-1 + -3)).
2
Evaluate (15 - 14) + 1 + -7.
-5
Calculate (3 - 2) + -1 + -4.
-4
What is the value of (-8 - -2) + 25 + -13?
6
Calculate -20 + 8 + -11 + 12.
-11
What is -3 + (2 + 2 - 2)?
-1
Evaluate -4 - -1 - (4 + 4 + -11).
0
What is the value of 5 + (7 - (-2 + 6) - 14)?
-6
What is the value of -2 + (6 - 0 - -1) - 2?
3
-6 + -5 + 5 + (-3 - -2)
-7
Calculate 2 + (-1 + -2 + 6 - 4).
1
Evaluate -1 + 1 + (-3 - -11) + -1.
7
Evaluate -6 - (5 + (-4 - -1) + -2).
-6
Calculate 1 + 7 + -15 - (1 - -2).
-10
What is (0 - -6) + (7 - (11 - 2))?
4
What is 7 + -7 + -2 - (1 + 5)?
-8
Evaluate 2 - (-3 + (-4 - -6)).
3
Evaluate 7 + 2 + -7 - (5 + 1).
-4
Calculate 0 - (8 + -3 - 0).
-5
What is the value of -12 - (-6 + -9) - -4?
7
What is -20 + 5 + 1 - (-10 - -6)?
-10
What is (4 + -6 - 1) + -2?
-5
What is the value of 3 + -4 + 1 - (6 - 1)?
-5
Calculate -1 - (5 + -18 + 10).
2
(-6 + 4 - -5) + -2
1
What is the value of 14 + 13 + -6 + -13 + -3?
5
Calculate -7 + 14 + -5 + 1.
3
0 + (-2 - -2) - (32 - 27)
-5
What is (-8 - -5) + (0 - 0)?
-3
What is the value of -1 + -3 + -3 + 6?
-1
Evaluate -2 + -3 - -1 - -7.
3
What is the value of -2 + (6 - 4 - 3 - 3)?
-6
What is the value of 9 + -4 + -9 + 6?
2
Calculate (2 - ((13 - 3) + -4)) + 7.
3
Calculate -4 + 1 + 0 - 1.
-4
What is the value of 1 + (1 - -6) + (6 - 18)?
-4
Calculate 2 + -7 + (5 - 0).
0
9 - (16 + 1) - -4
-4
Calculate (-3 - ((-2 - 3) + -1)) + -8.
-5
What is the value of -7 - (11 - 4 - 12)?
-2
-1 + -4 - (-21 - -20)
-4
Evaluate (14 - 13 - -2) + 4 + 1.
8
(-5 - -7 - 1) + 1
2
What is 5 + -6 - -10 - 11?
-2
Evaluate 0 + 2 + (-1 - -1).
2
What is the value of -8 + 5 + 8 + (-1 - -1)?
5
What is the value of -2 + 0 - -1 - (-1 - -1)?
-1
Evaluate 9 + (5 + -6 - 3).
5
What is -4 - (-2 - (-2 - -1))?
-3
Calculate -6 + 9 + 0 + -6.
-3
Calculate (7 + -4 - 4) + -9 + 5.
-5
What is (2 + 4 - 6) + -4?
-4
Calculate 4 - (-8 + 6 + 6).
0
What is (-5 - -3 - -3) + 0?
1
Calculate 3 + -3 + 1 - (-34 - -33).
2
0 - (1 - (-4 + 12 + -3))
4
What is the value of 8 - (-1 - (6 - 11))?
4
What is the value of (5 - 0) + (42 - 49)?
-2
Evaluate -81 - -73 - (-14 - -1).
5
(9 - 3) + -6 - 2
-2
-6 + (-1 - 0) + 60 + -62
-9
What is (8 - 7) + (-2 - 1)?
-2
Calculate (-2 - 3 - -5) + -2 + -3.
-5
Calculate -1 - -3 - ((7 - 4) + -1).
0
What is 1 + (-5 - (3 + -5))?
-2
What is 11 - (3 - -2) - 5?
1
What is (1 - -3 - -3) + -8 + 2?
1
Calculate -4 + (7 - 3) + 3.
3
Calculate 5 + -4 + -1 + 0 + 0.
0
Calculate 1 + (-4 - -7 - 0) + -5.
-1
What is the value of 6 - (-6 + 11 + -2) - -5?
8
Evaluate 15 - 0 - 9 - 4.
2
Evaluate -11 - (3 + -8 + -2).
-4
What is (-1 - (-8 + 1)) + (28 - 40)?
-6
Calculate -3 + -6 - (4 + 0 - 10).
-3
What is the value of -3 - (-3 + 2) - -1 - -5?
4
-1 - (4 - (4 + -3 - -6))
2
What is the value of 3 - (-2 - 3) - 3?
5
2 - (1 - -10 - (1 + 3))
-5
What is the value of -2 - (1 + -2) - (-7 - -9)?
-3
What is 4 + 1 + -3 + -4?
-2
Evaluate 1 + 0 - (3 - 6).
4
What is (2 - 1) + 8 + -5 - 6?
-2
(6 - 1) + -7 - -3
1
Calculate 3 + (6 - (7 - 3 - -4)).
1
-8 + 1 + (6 - 4) - 0
-5
Calculate (0 - -3) + 3 - (88 + -91).
9
What is 7 + 10 + -8 + -5 + 3?
7
What is 12 + -9 - (-1 - -1)?
3
Evaluate -16 - -6 - 6 - (-8 - 0).
-8
(37 - 38 - (1 - 3)) + 6
7
Calculate -2 + 3 + (3 - 7) + 0.
-3
Evaluate (7 - 16 - -5) + 1 - -1.
-2
9 + (-14 + 8 - 3)
0
What is -4 - 1 - (-14 - (10 + -14))?
5
Evaluate (1 - 5) + 1 + 0 + -1.
-4
Evaluate -3 - -1 - (-14 + 16).
-4
6 + 3 + -11 - -5
3
Evaluate (-14 - 0 - -10) + 9.
5
Calculate -3 + -1 + 0 + 9.
5
What is 0 + -1 + -1 + 6?
4
What is -4 + (-12 - -9) - -1?
-6
Evaluate 1 + -12 + 5 + (15 - 12).
-3
-9 + 1 + -7 + 7 - -4
-4
What is the value of 9 + -1 + -9 + 0 + 6?
5
Evaluate 0 + (-6 - -9) - (3 - -2).
-2
54 - 42 - (16 - -1)
-5
5 + (1 - 4 - 1 - -1)
2
9 + -2 + -10 + -5
-8
Calculate -4 + (2 + -7 + 4 - 1).
-6
1 + (0 - -3) + -2 + -4
-2
What is (-23 - -7 - -7) + 4?
-5
Evaluate -20 + 12 + -2 - -7.
-3
What is -3 - -4 - (-2 - -8)?
-5
What is -23 - -26 - (1 + 1) - -2?
3
5 + 3 + -9 + 3
2
What is -1 - -1 - (0 + 2) - 2?
-4
Calculate -9 + (0 - (8 + -10)).
-7
What is 9 + (-8 - 3) - 8?
-10
What is (-5 - 11 - -9) + 11?
4
What is the value of 2 + 4 + 5 + (-3 - 6)?
2
Calculate -21 + 30 - (1 - (-3 + 0)).
5
What is the value of (-2 - (-5 - (0 + 2))) + -3?
2
1 + 0 - (9 + 1 - 3)
-6
What is the value of 3 - (-3 + 6 - 4)?
4
Calculate -6 - (-11 - (-10 - -6)) - -3.
4
Calculate -2 - (-2 + (-3 - -3)).
0
What is (-31 - -29) + (-5 + 2 - 2)?
-7
What is (-3 - -7) + -3 + -3 + 6?
4
Calculate -4 - (7 - (2 + -3) - 6).
-6
What is -1 + (4 - 5) + 5?
3
3 + 4 + (-6 - 1)
0
Calculate -8 + 14 + -20 - -21.
7
4 - (-3 + (0 - -12))
-5
Calculate 2 + (7 + -10 - -8).
7
Calculate -2 + -1 + 0 + -3 + 1.
-5
What is the value of (8 - 6) + -8 + 6?
0
Calculate 3 - (-8 + 8) - -2.
5
What is the value of (4 - 4 - 8 - -2) + 12?
6
Calculate -4 + 4 + 0 - (6 - -1).
-7
What is the value of -17 + 25 + -1 + -16?
-9
What is the value of -1 - ((-4 - 1) + -1 - -3)?
2
What is -2 - -2 - (7 + -6) - 5?
-6
What is the value of 1 + 1 - ((-16 - -8) + 4)?
6
Calculate 7 - (2 + (3 - (-12 + 6))).
-4
-4 + -4 + 9 + -4 + 5
2
What is -13 + 19 + -4 + (0 - -2)?
4
2 + -1 + (-5 - 4 - -3)
-5
What is the value of 1 - (8 + -9 + (1 - 4))?
5
What is the value of -3 + 4 + -2 + -4 + -1?
-6
Evaluate -1 + 0 + 3 + (4 - 6).
0
Evaluate 2 - 5 - (0 - (-3 + 2)).
-4
What is -4 - (1 - -3 - 1)?
-7
(0 - (0 - (0 - 5))) + 8
3
What is 5 - (-21 - -26 - (4 - 0))?
4
What is (-3 - (4 + -3)) + -3 + 10?
3
-5 - (-4 - (4 + -7)) - 5
-9
What is (0 - 1 - 0) + (2 - 3)?
-2
-4 + 1 + -1 - -4
0
3 - ((3 - (-2 - -7)) + 5)
0
Calculate 31 + -30 + 0 + -2 + -4.
-5
What is the value of -10 - -14 - (-2 + 4 + -1)?
3
What is the value of 1 - (1 + -1 - -2)?
-1
Evaluate 6 + (-8 - -7) + -8.
-3
Calculate -2 - (2 + -7 - 0).
3
What is 0 + 0 + 1 + -2?
-1
What is the value of -1 - 0 - 0 - -5?
4
What is 0 + (9 - (-2 + 14))?
-3
-1 + -11 - (-103 - -98)
-7
Evaluate (0 - -7) + -10 + -2 - -7.
2
Evaluate 64 - 63 - (-2 + -1).
4
What is -11 - -3 - (-9 + 1 + 2)?
-2
2 + -7 + 16 + -7
4
Calculate (4 - -1) + (0 - 6) + -5.
-6
-6 + 6 - -5 - 6 - 3
-4
Calculate (-4 - 1) + 2 + (18 - 16).
-1
-3 + 6 - -2 - 7 - 5
-7
What is (1 - 0 - -1) + 2?
4
6 - 9 - (-12 - -8)
1
What is the value of -1 - (-4 - (-3 - 1) - 1)?
0
What is 6 + (6 + -6 - 4) - 1?
1
Calculate -4 + (0 - (-4 + (5 - 1))).
-4
Evaluate -3 + 5 + (7 + 1 - 12).
-2
Calculate -4 + 1 - -2 - (4 + -4).
-1
Calculate -1 - ((3 - -5) + -5) - 3.
-7
Calculate (4 - (2 - (2 + -1))) + -4.
-1
What is -42 + 42 - (-1 - -1)?
0
-25 + 27 - (9 - 3)
-4
What is the value of -5 + (9 - 3) + 2?
3
0 - 3 - (-3 + 0 - -2)
-2
What is the value of 9 + -6 + -3 - -2?
2
Calculate 3 + 0 + -1 + -2.
0
What is the value of (10 + -4 - 4 - 7) + -2?
-7
Evaluate -1 + (7 - (8 - 7)).
5
What is (2 - 1 - -4) + 0 + -3?
2
Evaluate 2 + 4 - (1 + 7 - 8).
6
Evaluate 4 + -3 + (12 - 6).
7
Evaluate -6 + (-18 - -9) + 22.
7
What is the value of -14 + (5 - -13) - (4 - -1)?
-1
What is the value of (2 - (1 + 4)) + (5 - 1)?
1
Calculate 0 - (0 + 3 - 5).
2
Calculate 8 - (3 + (-10 - -5) + 2).
8
(2 - -5) + 3 - 6 - 2
2
-3 + 0 - (9 + 5 + -12)
-5
What is 1 + 0 + (15 - 7 - 14)?
-5
What is 14 + -17 - (0 + 0)?
-3
Calculate 0 - (7 + -11 + -1 + 2).
3
What is -9 - -7 - (0 + 2 + -2)?
-2
Calculate 3 - ((9 - 6) + -2 - -3).
-1
What is the value of -5 - -1 - -8 - (11 - 3)?
-4
Calculate -12 - (-9 - (-6 + 11)).
2
-1 - 0 - (27 - 23)
-5
Calculate 20 + -39 - -23 - (2 - 0).
2
What is the value of 0 - (1 - 3) - 4?
-2
What is (2 + 0 - 3) + 0?
-1
What is (4 - 10) + 2 - -2?
-2
What is the value of (-7 - -8) + (-3 + 3 - 1)?
0
5 - 0 - 4 - 1
0
What is (-1 - 1) + (4 - (-1 - -1))?
2
Calculate (1 - -1 - 2) + 2.
2
What is the value of (-7 - (7 + -9)) + (1 - -1)?
-3
-3 + 5 + -2 + -8 + 18
10
What is the value of -151 + 143 + (1 - -6)?
-1
Calculate (2 - 0) + (5 - (-3 + 11)).
-1
What is 1 + 2 + (-2 - -2) - 0?
3
What is 60 + -61 + 0 + (0 - 2)?
-3
Evaluat